d by 431?
53
Calculate the remainder when 35361244 is divided by 5166.
5140
Calculate the remainder when 1497458 is divided by 202.
32
Calculate the remainder when 320646 is divided by 2061.
1191
Calculate the remainder when 1083793 is divided by 87.
34
What is the remainder when 6524352 is divided by 4677?
4614
Calculate the remainder when 492967 is divided by 502.
3
Calculate the remainder when 178257 is divided by 619.
604
Calculate the remainder when 5698947 is divided by 2849473.
1
Calculate the remainder when 103981 is divided by 780.
241
Calculate the remainder when 395782 is divided by 651.
625
What is the remainder when 86314 is divided by 609?
445
What is the remainder when 862550 is divided by 360?
350
Calculate the remainder when 71448447 is divided by 1275.
1272
Calculate the remainder when 286977 is divided by 286869.
108
Calculate the remainder when 1235859 is divided by 180.
159
Calculate the remainder when 413057 is divided by 103256.
33
Calculate the remainder when 254731169 is divided by 254731168.
1
Calculate the remainder when 275939 is divided by 25083.
26
Calculate the remainder when 159560 is divided by 554.
8
Calculate the remainder when 10569302 is divided by 697.
691
Calculate the remainder when 142024 is divided by 15577.
1831
What is the remainder when 118973816 is divided by 683?
680
What is the remainder when 1124049 is divided by 2026?
1645
Calculate the remainder when 64461569 is divided by 2086.
2083
Calculate the remainder when 4156846 is divided by 13810.
36
What is the remainder when 19194972 is divided by 7?
6
What is the remainder when 437619 is divided by 218679?
261
What is the remainder when 58873420 is divided by 46?
44
Calculate the remainder when 3602724 is divided by 43.
12
Calculate the remainder when 87785 is divided by 85568.
2217
Calculate the remainder when 1358168 is divided by 678818.
532
What is the remainder when 29373644 is divided by 2866?
10
Calculate the remainder when 6435757 is divided by 268156.
13
What is the remainder when 8276759 is divided by 36?
35
Calculate the remainder when 1888545 is divided by 1326.
321
Calculate the remainder when 6174165 is divided by 59943.
36
Calculate the remainder when 109977630 is divided by 6738.
6732
What is the remainder when 98843316 is divided by 3112?
3084
Calculate the remainder when 40273 is divided by 19436.
1401
What is the remainder when 38794620 is divided by 39?
33
Calculate the remainder when 1068377 is divided by 356115.
32
Calculate the remainder when 6677968 is divided by 834742.
32
What is the remainder when 2464011 is divided by 199?
192
What is the remainder when 997387 is divided by 498574?
239
What is the remainder when 625748 is divided by 70?
18
Calculate the remainder when 685140713 is divided by 22.
15
What is the remainder when 3136197 is divided by 731?
207
What is the remainder when 713822 is divided by 57?
11
Calculate the remainder when 156195 is divided by 2330.
85
Calculate the remainder when 226301 is divided by 898.
5
What is the remainder when 5556258 is divided by 2513?
15
What is the remainder when 2939377 is divided by 5325?
5302
Calculate the remainder when 10185 is divided by 7076.
3109
Calculate the remainder when 118216 is divided by 2211.
1033
Calculate the remainder when 1519443 is divided by 80.
3
What is the remainder when 27907 is divided by 3103?
3083
Calculate the remainder when 133009 is divided by 131314.
1695
What is the remainder when 109333544 is divided by 27533?
1
What is the remainder when 348013 is divided by 36?
1
What is the remainder when 259622784 is divided by 6089?
2
What is the remainder when 1549206 is divided by 18014?
2
What is the remainder when 1278810 is divided by 24126?
132
Calculate the remainder when 2260573 is divided by 1386.
7
Calculate the remainder when 7924140 is divided by 3962068.
4
What is the remainder when 877297 is divided by 34?
29
What is the remainder when 40605 is divided by 48?
45
What is the remainder when 69832 is divided by 410?
132
Calculate the remainder when 4354359 is divided by 19.
15
What is the remainder when 12191 is divided by 12074?
117
What is the remainder when 1374328 is divided by 439?
258
Calculate the remainder when 1255525 is divided by 4484.
5
Calculate the remainder when 178043063 is divided by 43.
15
What is the remainder when 497631 is divided by 32?
31
Calculate the remainder when 539354 is divided by 82.
40
Calculate the remainder when 1957202 is divided by 139775.
352
What is the remainder when 424529 is divided by 56?
49
What is the remainder when 3704872 is divided by 36680?
192
Calculate the remainder when 197221 is divided by 21896.
157
Calculate the remainder when 94037 is divided by 5305.
3852
What is the remainder when 85872 is divided by 2852?
312
What is the remainder when 16586 is divided by 1289?
1118
Calculate the remainder when 4721562 is divided by 3169.
2921
Calculate the remainder when 115029473 is divided by 10.
3
Calculate the remainder when 44436945 is divided by 1851.
1839
What is the remainder when 1066789 is divided by 1066788?
1
Calculate the remainder when 95554676 is divided by 783235.
6
What is the remainder when 429997 is divided by 185?
57
What is the remainder when 359256 is divided by 23943?
111
Calculate the remainder when 4061421 is divided by 2658.
2655
Calculate the remainder when 3311116 is divided by 20.
16
What is the remainder when 21106805 is divided by 3015255?
20
What is the remainder when 88720587 is divided by 30?
27
What is the remainder when 62702875 is divided by 2806?
2805
What is the remainder when 1637206 is divided by 35?
11
What is the remainder when 36431 is divided by 564?
335
What is the remainder when 11458204 is divided by 3327?
16
Calculate the remainder when 14586514 is divided by 225.
214
Calculate the remainder when 104310 is divided by 80.
70
Calculate the remainder when 1653417 is divided by 236190.
87
What is the remainder when 54515 is divided by 52972?
1543
What is the remainder when 45553533 is divided by 756?
753
Calculate the remainder when 110304 is divided by 5805.
9
Calculate the remainder when 2212868 is divided by 1414.
1372
What is the remainder when 6816759 is divided by 6816739?
20
Calculate the remainder when 180055 is divided by 1761.
433
Calculate the remainder when 7939 is divided by 3626.
687
Calculate the remainder when 66733571 is divided by 6.
5
Calculate the remainder when 29709 is divided by 3550.
1309
Calculate the remainder when 194962609 is divided by 19.
18
What is the remainder when 94860703 is divided by 21?
7
Calculate the remainder when 50094 is divided by 18.
0
Calculate the remainder when 1367157 is divided by 227817.
255
Calculate the remainder when 53194367 is divided by 1669.
1668
Calculate the remainder when 336949 is divided by 107.
6
What is the remainder when 11044 is divided by 7?
5
Calculate the remainder when 9024359 is divided by 53.
49
Calculate the remainder when 8213872 is divided by 1642772.
12
What is the remainder when 233396 is divided by 19416?
404
What is the remainder when 163514688 is divided by 2068?
2064
Calculate the remainder when 21386 is divided by 20569.
817
What is the remainder when 182296 is divided by 317?
21
Calculate the remainder when 16642 is divided by 4145.
62
Calculate the remainder when 1425471 is divided by 286.
47
Calculate the remainder when 35897 is divided by 1237.
24
What is the remainder when 1296920 is divided by 7286?
12
Calculate the remainder when 75336 is divided by 481.
300
Calculate the remainder when 3229360 is divided by 32.
16
What is the remainder when 9781417 is divided by 220?
217
What is the remainder when 411145 is divided by 11921?
5831
Calculate the remainder when 10076390 is divided by 9.
8
What is the remainder when 2851596 is divided by 3792?
12
What is the remainder when 353866 is divided by 192?
10
What is the remainder when 14759217 is divided by 7379607?
3
Calculate the remainder when 155872 is divided by 22086.
1270
Calculate the remainder when 282560 is divided by 1236.
752
Calculate the remainder when 159316 is divided by 106.
104
What is the remainder when 68929 is divided by 5251?
666
Calculate the remainder when 3662546 is divided by 9.
5
What is the remai